 m be l(r). Calculate the greatest common factor of m and 55.
5
Let v be (-6)/4*(-8)/6. Suppose v*h = 4*h - 490. Suppose h = 4*r - 187. What is the highest common factor of 12 and r?
12
Let x(l) = -20*l - 1. Let q be x(-1). Let g = q + -4. Calculate the highest common divisor of g and 45.
15
Let g be 3/(-2)*(0 + -2). Suppose 2*o - i = 45, 0 = -3*i + 12 + g. Calculate the greatest common factor of 175 and o.
25
Let j = -26 + 44. What is the highest common factor of j and 72?
18
Let t(z) = -15*z. Let q(g) = 29*g + 1. Let v(i) = -6*q(i) - 11*t(i). Let a be v(-5). Calculate the highest common divisor of a and 13.
13
Let k(b) be the first derivative of 119*b**3/3 - b**2/2 + b + 2. Let f be k(1). What is the greatest common factor of f and 17?
17
Let p(u) = -u. Let d(r) = 4*r + 12. Let m(i) = -d(i) + 5*p(i). Let x be m(-8). Suppose 0 = 2*k - 4*k + 24. Calculate the greatest common factor of k and x.
12
Let f be (2 + -4)*(-4 - -2). Let t be 164/10 - (-4)/(-10). What is the highest common factor of f and t?
4
Let u be ((-18)/8 - 0)*(-6016)/282. Suppose h + 4*s + 0*s - 18 = 0, 0 = h + 3*s - 13. Let z be h/7 - 228/(-14). Calculate the greatest common factor of u and z.
16
Let l(p) = -2 + 2*p - 3*p**2 + 21*p**2 + 0. Let f be l(-3). Let s be 171/12 + (-6)/24. What is the greatest common factor of f and s?
14
Suppose -34 = -2*o + 2*q + 3*q, -6 = -3*q. What is the greatest common divisor of o and 110?
22
Suppose -5*c + 6 = 26, -4*c - 11 = d. Let o(z) = -z**3 + 5*z**2 + z - 1. Let h be o(d). What is the greatest common divisor of h and 4?
4
Suppose -18 = -3*x + 9. Let z(g) = -g**3 + 10*g**2 - 10*g + 12. Let c be z(9). Calculate the highest common factor of x and c.
3
Suppose -2*v = 2*a + 2*v - 20, 0 = -5*a + 2*v - 10. Suppose a = -4*o + j, o + 15 = 6*j - 2*j. Calculate the greatest common divisor of o and 1.
1
Let j = 40 - 18. Calculate the greatest common factor of 88 and j.
22
Let h(n) = 3*n - 21. Let a be h(10). Let o = -2 + 5. Suppose 275 = o*f + 59. What is the highest common factor of f and a?
9
Suppose 4*u - 5 = f, -2*f - 4*u = 2*f - 80. What is the highest common divisor of 3 and f?
3
Let n(m) = m**2 + 2*m + 2. Let i be n(-2). Suppose i*g - 2120 = 6*g. Let b be (-1)/3 + g/(-6). Calculate the highest common divisor of b and 8.
8
Suppose -84 = -5*l - 54. Calculate the greatest common divisor of 15 and l.
3
Suppose 0 = 2*d - 14 - 16. Suppose -v - 4*v + d = 0. What is the highest common divisor of v and 3?
3
Let z(i) = i**2 + i + 12. Suppose 6 = s + 3*s + 3*d, 3*s + 2*d = 4. Let o be z(s). Calculate the highest common factor of o and 132.
12
Let s = 495 - 335. Suppose 0 = 4*f - 2*l - s, -2*f + 91 = 2*l - 1. Calculate the highest common divisor of f and 105.
21
Suppose -2*b = -4*b + 5*y + 4, 0 = -2*b + y + 20. Calculate the highest common factor of b and 192.
12
Let y(d) = d**3 + 2*d**2. Let l be y(2). Suppose l = 2*f - 8. What is the highest common factor of 96 and f?
12
Let z(x) = 65*x**2 - x - 1. Let k be z(-1). Suppose 5*y + 0*y = k. Let o = 18 - y. What is the highest common divisor of 15 and o?
5
Suppose -2*f = -5*x + 27, -2*f + 28 = -5*f + 5*x. Let n = 3 + f. Let o be 8/(n/(-99)*-3). Calculate the greatest common factor of 12 and o.
12
Let x(y) = 17*y**2 - y - 2. Let v be x(2). Suppose 2*b + g = -3*g + 36, 0 = -3*b - 4*g + v. What is the highest common divisor of 14 and b?
14
Let b(q) = -13*q**3 + 2*q**2 + 4*q + 3. Let u be b(-1). Calculate the highest common factor of u and 2.
2
Let q = 7 - 4. Suppose 0 = -4*r + 2 + 22. Calculate the highest common factor of q and r.
3
Suppose -120 = -2*n - 6*n. What is the greatest common factor of n and 3?
3
Let g(a) = 2*a**2 - 11*a + 7. Let h be g(7). Calculate the highest common divisor of 28 and h.
28
Suppose -2*q = 12 - 32. What is the greatest common divisor of 70 and q?
10
Let y(j) be the third derivative of -j**2 - 1/60*j**5 + 0*j**4 + 0 + 11/20*j**6 + 0*j + 0*j**3. Let x be y(1). What is the highest common divisor of 13 and x?
13
Suppose -3*p = -5*p - 5*h - 6, p - 5*h = 27. Calculate the highest common divisor of 7 and p.
7
Let p be (4 + (-78)/15)*-10. Calculate the highest common factor of p and 4.
4
Let p = -21 - -48. What is the greatest common divisor of p and 9?
9
Let q(j) = 2*j**2 + 24*j - 18. Let b be q(-18). Calculate the greatest common factor of 22 and b.
22
Let y(i) = -1. Let p(o) = -3*o**2 + o + 1. Let t(z) = -p(z) - y(z). Let c be t(-1). Let m = 17 - c. What is the greatest common factor of m and 13?
13
Let u be 48/(-3)*3/(-6). Let y(v) = 12*v - 8. Let c be y(u). Calculate the highest common divisor of 11 and c.
11
Let z = 4 + 8. Let b be (0 - 2)*6/(-4). What is the highest common divisor of z and b?
3
Suppose 189 = -5*q + 64. Let y be 40/(-3)*90/q. Suppose n = j - 15, 0 = 4*n - n - 3. What is the greatest common factor of j and y?
16
Suppose 4*w - 83 = -0*n - 5*n, 3*n - 69 = 4*w. Let x = 31 - 12. Calculate the highest common factor of n and x.
19
Suppose -5*g + 2*a = -68, -4*g - 3*a + 41 = -18. Calculate the greatest common divisor of 70 and g.
14
Suppose -l - 4 = l, -3*s = -2*l + 20. Let a = s + 4. Let c be 30 + (2 + -3 - a). Calculate the greatest common factor of c and 22.
11
Let b(a) = -a**3 - a. Let h be b(-2). What is the highest common factor of 25 and h?
5
Let h(q) = q**3 - 8*q**2 - 7*q + 2. Let t be h(9). Suppose -2*l + l + 20 = 0. Calculate the greatest common factor of l and t.
20
Suppose 3*c + 2*c = -5*a + 110, -3*a = 2*c - 49. Let w(j) = j**3 - 17*j**2 + j - 8. Let x be w(c). Calculate the greatest common factor of x and 81.
9
Let y = 51 + -47. What is the greatest common divisor of y and 4?
4
Suppose -5*r = -m - 12, -r = 3*r + 3*m - 2. Suppose -3*i = -r*i - 3. Let z = 6 - i. Calculate the highest common factor of 6 and z.
3
Let w be 24/10 - 4/10. Let y(b) = 9*b**2 + 3*b - 5. Let k be y(4). Suppose -w*c - 43 = -k. What is the greatest common divisor of 36 and c?
18
Let q(c) = c**3 - 6*c**2 + 6*c. Let t be q(5). Suppose -96 + 18 = -r - k, t*r - 410 = 5*k. What is the greatest common divisor of 10 and r?
10
Let c(t) = t**3 + 7*t**2 + 5*t + 10. Let m be c(-6). Calculate the greatest common divisor of 16 and m.
16
Suppose 0 = l + 1, 62 = 2*p + 2*l - 134. Let t = 0 + 11. Calculate the greatest common factor of t and p.
11
Let o be (1 - 2)/((-2)/28). Let y = 132 + -130. Calculate the highest common factor of o and y.
2
Suppose 4*d + 28 = 52. Suppose t + 2*z = -0 + 48, 261 = 5*t + 3*z. What is the highest common factor of t and d?
6
Suppose 2*f = 119 + 1. Suppose 80 = 5*x - 2*r, x + 2 - 18 = 2*r. Suppose x = b + 4. What is the highest common divisor of b and f?
12
Let s(p) = p**2 + 7*p + 12. Let l be s(-5). Calculate the highest common divisor of l and 6.
2
Suppose 5*s - 3*y = 80, -7 = -2*s + 5*y + 25. Calculate the greatest common factor of s and 112.
16
Suppose r + 3*f = 6*f, -3*r + 2*f + 7 = 0. What is the greatest common factor of 1 and r?
1
Let a(n) = -n**3 - 5*n**2 + 5*n - 1. Let f be a(-6). Suppose d - f = -0*d. Calculate the highest common factor of d and 30.
5
Suppose -1 = a - 3, 5*a - 346 = -4*g. What is the highest common factor of g and 12?
12
Let m(w) = w**2 - w + 3. Let c be m(0). Let f(r) = -r. Let k be f(-1). Let i = k - -2. What is the highest common divisor of i and c?
3
Suppose -90 = -4*u - 3*j, 5*j + 8 + 2 = 0. Suppose -3*x - 2*h = -h - 13, 3*x + 3*h - 9 = 0. Let s = x + -2. What is the highest common divisor of s and u?
3
Let n = -14 - -17. Calculate the highest common divisor of 15 and n.
3
Suppose 12 = 4*c + 4, -5*c = -5*p + 50. What is the greatest common factor of 96 and p?
12
Suppose 0 = 4*z + 5*u - 596, -124 = 3*z - 3*u - 544. What is the greatest common divisor of 16 and z?
16
Let n be (-8)/4 + (-28)/(-1). Let i = n + -5. Calculate the highest common divisor of i and 21.
21
Let v(i) = i**3 + 3*i**2 + i - 1. Let a be v(-2). Let n(d) = -11*d**3 - d**2 - d. Let u be n(-1). What is the highest common divisor of u and a?
1
Suppose -s - 2*x = -119, -3*s + x + 213 = -137. Calculate the greatest common factor of 26 and s.
13
Suppose -x = -19 - 1. Calculate the highest common divisor of x and 300.
20
Let i = -3 + 11. Let u be (84/10)/(i/120). Calculate the greatest common divisor of u and 18.
18
Suppose 11 - 31 = -4*b. Let r be 10/b + (-74)/(-2). Calculate the 